 = k*j. What are the prime factors of j?
61
Suppose 0 = -16*p + 2267 + 11029. What are the prime factors of p?
3, 277
Suppose -26 = q - 77. Suppose -2*u - u = -q. What are the prime factors of (-2 - -5)*(u - -2)?
3, 19
Suppose 9*s + 18 = 2133. List the prime factors of s.
5, 47
Suppose 4*r = d - 370, -d + 6*d = -2*r + 1960. List the prime factors of d.
2, 3, 5, 13
Let a = -49 - 92. Let d be -1 - (a - (1 + -1)). Suppose l - 3*n - 16 = 12, 5*l + 2*n - d = 0. What are the prime factors of l?
2, 7
Suppose 0 = -a - 3*n + 925, -4*a + 1880 = -2*a - 4*n. List the prime factors of a.
2, 467
Suppose 0 = -o - 19 - 10. Let w = 62 + o. List the prime factors of w.
3, 11
Let a be ((-872)/(-2))/((-2)/(-28)). Let s be 22/(-99) - a/(-9). What are the prime factors of 6/33 + s/22?
31
Let j(d) = 8*d + 19*d - 4*d + 5*d**2 - 4*d + 24. List the prime factors of j(-7).
2, 17
Let a(o) = o**3 + o**2 - 6*o - 6. Let w be a(-4). Let d = w + 72. Suppose -5*f + 2*f - h = -d, -4*h + 33 = 3*f. What are the prime factors of f?
3, 5
Suppose -87*l + 93*l = 0. Let m = l - -43. What are the prime factors of m?
43
Suppose 4*w = 62 + 6. Suppose -10*j + 83 = -w. List the prime factors of j.
2, 5
Suppose 5*x = -w + 317, 0 = -2*w + 6*x - 3*x + 569. What are the prime factors of w?
2, 73
Let g(u) = -u**2 + 14*u + 3. Let h be g(14). Suppose -272 = -2*f + 2*d, -254 = -2*f - d - h*d. List the prime factors of f.
7, 19
Let a(l) = -l**2 + 6*l - 3. Let d be a(4). Let z(c) = 7*c + 9. What are the prime factors of z(d)?
2, 11
What are the prime factors of 2/(-3) + (-14113)/(-33)?
7, 61
Let p(r) = -3*r + 6. Let g(t) = -16*t + 30. Let o(y) = -2*g(y) + 11*p(y). Let m be o(3). Suppose m*w + 14 = 104. List the prime factors of w.
2, 3, 5
Let k(c) be the third derivative of -c**6/120 - c**4/24 + 35*c**3/2 - 16*c**2. What are the prime factors of k(0)?
3, 5, 7
Let v = 696 - -473. List the prime factors of v.
7, 167
Let m(h) = 4*h**3 - 3*h**2 + 5*h - 5. Let b be m(4). Let a = b + -120. Suppose 0 = 5*r - 5, 5*x + 21 = 3*r + a. What are the prime factors of x?
17
Let f = 9 - 2. Suppose -28 = -f*z + 28. Let m = z - 1. List the prime factors of m.
7
Let l = 35 - 27. Suppose -l*h - 5 - 3 = 0. What are the prime factors of (4 + h)*220/33?
2, 5
Let j = -27 - -37. Suppose 0 = -d - d - u + 125, 2*u - j = 0. List the prime factors of d.
2, 3, 5
Suppose -5*p + 2*k = -2*k - 14, -2*p = -2*k - 6. Suppose -m - 2*m + 10 = -f, -f = m + p. Suppose 0 = -4*y + m*y + 40. List the prime factors of y.
2, 5
Let d(k) = 11*k**2 - 7*k + 19. What are the prime factors of d(6)?
373
List the prime factors of (-2)/(-23) + (-13650)/161*-28.
2, 1187
Let c(u) = -4*u**3 - 7*u**2 - 11*u - 19. What are the prime factors of c(-6)?
659
Let y be (-58)/(-2) - (1 - 1). Suppose 0 = 4*s - k - y, -k - 34 = -5*s - 2*k. What are the prime factors of s?
7
Let f = -2576 + 8812. List the prime factors of f.
2, 1559
Suppose -2*l + 2*p = -85 - 15, l = 2*p + 52. Let r = l + -16. List the prime factors of r.
2
Let p = -2895 + 5084. List the prime factors of p.
11, 199
Let k(t) = 12*t - 8. Let y be -2 + 4 - -9 - (-6)/(-6). What are the prime factors of k(y)?
2, 7
Let r be ((-63)/6)/((-1)/78). Suppose 5*d = -2*d + r. What are the prime factors of d?
3, 13
Suppose 0 = 18*f - 310 - 590. List the prime factors of f.
2, 5
Let w be (-1)/((-9)/104 - (-3)/24). Let i = 36 - w. List the prime factors of i.
2, 31
Let l(d) = 8*d - 9. Let f be (-33 + 9)*(-1)/3. What are the prime factors of l(f)?
5, 11
Let y = -5 - -8. Let h be (-4)/(-6)*9/y. List the prime factors of (18/(-27))/(h/(-51)).
17
Suppose 2 = -n - 3*u + 20, -3*n + 22 = u. Suppose 11*i - 185 = n*i. Let w = i - 25. What are the prime factors of w?
2, 3
Let c = 298 + -72. Suppose -4*y = 34 - c. List the prime factors of y.
2, 3
List the prime factors of (8/24 - 0)/((-1)/(-1977)).
659
What are the prime factors of (25/((-125)/(-15)))/(1/960)?
2, 3, 5
Let a = -4722 + 8124. Let w = 5723 - a. List the prime factors of w/44 - 1/(-4).
53
Let v(r) = r**3 - 14*r**2 - 11*r - 40. Let p be v(15). Let h = 6 - 3. Suppose 0 = -h*u + 113 - p. List the prime factors of u.
31
Suppose 16 = 2*z + 4. Suppose 4*b - 21 = -13. What are the prime factors of 77/b + z/(-12)?
2, 19
Let d = 62 + -58. Suppose 4*t = -7*y + 2*y + 95, -4*y = d*t - 80. List the prime factors of y.
3, 5
Let d be (54/12)/((-2)/4). Let t be ((-3)/d)/((-2)/(-36)). Suppose -t = -5*a + 2*a. What are the prime factors of a?
2
Suppose 3*a + 165 = 2*h - 13, 4*h - 3*a = 350. Suppose 2*p = -2*i + 246, -5*p + h = i - 533. Suppose -11*f - p = -15*f. What are the prime factors of f?
31
Let n(j) be the first derivative of -j**2/2 + 3. Let h be n(0). Suppose h = 4*f - 12, -y = 4*f + 12 - 45. What are the prime factors of y?
3, 7
Let h(p) = -4423*p - 128. List the prime factors of h(-1).
5, 859
Suppose -h + 105 = -1221. List the prime factors of h.
2, 3, 13, 17
Suppose 693*m = 691*m + 584. What are the prime factors of m?
2, 73
Let m(t) = -10*t - 2. Let l = 5 - 6. What are the prime factors of m(l)?
2
Suppose -3233 - 3238 = -9*g. List the prime factors of g.
719
Suppose -600 = 6*x - 3606. What are the prime factors of x?
3, 167
Let u(c) = -13*c - 3. Let q be u(-1). Suppose -q*h + 83 = -117. List the prime factors of h.
2, 5
Suppose -3*n + 5 = -4*s, 3*n = -2*s - n - 8. List the prime factors of s/(-6) - (6 + (-298)/6).
2, 11
List the prime factors of (-3)/9 - 20048/(-24).
5, 167
Let p(b) = 23*b**2 - 7*b + 5. Let o be p(2). Suppose 4*v - o = -31. What are the prime factors of v?
13
Let r(q) = q**2 + 7*q + 205. What are the prime factors of r(-33)?
1063
What are the prime factors of ((-41064)/354)/((-4)/3 + 1)?
2, 3, 29
Let j = 6254 - 4219. List the prime factors of j.
5, 11, 37
Let a(s) = -4*s**3 - s**2 + s + 1. Let j be a(-1). Let k = -1 - -6. Suppose j = 4*z - 5*f - 43, -2*f = -k*z + 49. What are the prime factors of z?
3
Let k(c) = -8*c + 10. Let n be k(-8). Suppose 3*w = -b - 0*b + n, -5*b - 150 = -5*w. Suppose -w = -0*a - 2*a. List the prime factors of a.
13
Let u(x) = 4*x**2 - 17*x + 40. What are the prime factors of u(17)?
907
Let h = 112 + -80. Let x = h + -29. Suppose 3*w + 2*g - 178 = 0, w + 5*g = 84 - x. List the prime factors of w.
2, 7
Let v = 2525 + -1765. What are the prime factors of v?
2, 5, 19
Suppose -r + 662 = -5*m, -16*r + 21*r + 4*m = 3455. List the prime factors of r.
3, 229
Suppose 0*h - 8*h = -48. Suppose h*l = 107 + 187. What are the prime factors of l?
7
Suppose 0 = -7*n + 1761 + 1354. What are the prime factors of n?
5, 89
Let w = -39 - -34. What are the prime factors of -5*(1 - (-27)/w)?
2, 11
Suppose -29016 - 9778 = -34*p. What are the prime factors of p?
7, 163
Suppose -8*w - 5*g = -11*w + 386, 0 = 5*w - 5*g - 640. Let x = w - 29. What are the prime factors of x?
2, 7
Let a(f) = 2*f**2 - 8*f - 19. Suppose 13*x + 8 = 11*x. List the prime factors of a(x).
3, 5
Let v(h) = 45*h**2 - h - 79. List the prime factors of v(-10).
3, 7, 211
Let l(a) = 3*a - 16. Let w be l(6). Suppose -n + 18 = -4. Suppose w*g + 0*g = n. What are the prime factors of g?
11
Suppose -22 = 5*u - 162. Let y be 2/7 - (-272)/u. Suppose -5*c = -y*c + 95. What are the prime factors of c?
19
Let t(i) = -i**3 + 15*i**2 - i - 15. Let h be t(14). Suppose 3*w = 403 + h. What are the prime factors of w?
2, 5, 19
Suppose 0*s = 5*u - 2*s + 8, 4*u - 4*s + 16 = 0. Suppose -2*m + n + 174 = 0, u = 5*m - n - 4*n - 435. List the prime factors of m.
3, 29
Let y be (1 + 4)*(-8)/5. What are the prime factors of (-1300)/y + (-1)/2?
2, 3
Suppose -6*n + 119 = 29. List the prime factors of 27/n + -2 - (-762)/10.
2, 19
Let w = 1513 - 848. What are the prime factors of w?
5, 7, 19
Suppose -4*i = -0*n - n - 25, -4*n = -3*i + 35. Let g be 50/15 + (-2)/(-3). Suppose -g*o - 17 = -i*o. What are the prime factors of o?
17
Let z(p) = 2*p**2 - 4*p + 5. Let t be z(7). Suppose -2*u + t = -3. What are the prime factors of u?
3, 13
Let f be 16*-5 + 0/2. Suppose 2*g - 573 + 93 = 0. List the prime factors of (32/f)/((-2)/g).
2, 3
Suppose 3 - 11 = 2*y, 4*u - y = 32. Suppose -u*h = -678 - 379. List the prime factors of h.
151
List the prime factors of (3/(-2))/((-6106)/(-2036) + -3).
3, 509
Let t(z) = 2*z**2. Let u be t(-1). Suppose 5*n + 2 - 22 = 0. Suppose u*b - 22 = n. What are the prime factors of b?
13
Let z(d)